- 5*x - 11 = 22. Suppose 2*f = a*f - 1435. Is f composite?
True
Suppose u = 34*u - 725043. Is u a prime number?
False
Let x = -3673 - -6704. Is x prime?
False
Suppose 0*j = 4*t + 3*j - 132182, 5*j = 3*t - 99151. Is t composite?
True
Let g be (7 + 22/(-3))/(1/(-9)). Suppose 0 = g*x + t - 1061, -2*x = -3*x - 2*t + 357. Is x composite?
False
Let r = -162 - -166. Suppose -5*s - 3599 = -r*i - 0*s, 3*i = 2*s + 2701. Is i a composite number?
True
Suppose 4*k + 3*x = 997, -2*k - 4*x + 496 = -0*k. Suppose -9*o + 2153 = -k. Is o a prime number?
False
Is ((-2)/(-6))/(10/(544980/2)) composite?
True
Suppose 0 = 4*h - 6*h + 6. Suppose -h*k - 2885 = -2*g, -4*k + 3*g - 4810 = k. Let a = -496 - k. Is a composite?
True
Suppose 5*i = -v + 2097, -v = 2*v - 6. Suppose -4*w = -0*w - 4, -4*m - 3*w = -i. Let n = 45 + m. Is n a prime number?
True
Suppose -4*s + 482 = -242. Let m = s + 306. Is m a prime number?
True
Suppose 4*n = -5*g + 12197, -3019 + 10345 = 3*g + 5*n. Is g prime?
True
Suppose 188*o - 207*o + 404738 = 0. Is o a prime number?
False
Let b(w) = 2*w**3 - 4*w**2 - 5*w. Let l be b(-6). Suppose -4*a + 3173 = 5*f, 3191 = 4*a + 2*f - 3*f. Let i = l + a. Is i a composite number?
False
Let j(q) = -11*q - 11. Let a be 4/18 - 440/36. Is j(a) composite?
True
Suppose 2*n = 4*n - 76. Suppose -3*h + 87 = 4*y, -4*y = h - 3*h + n. Is 749/5 + (-20)/h composite?
False
Suppose -2035 + 17285 = 5*r. Suppose -f = 4*f - r. Suppose -3*c + b + 446 + 469 = 0, -2*c + b + f = 0. Is c a composite number?
True
Is (-14094 + -103)/(((-3)/(-3))/(-1)) composite?
False
Suppose -3*u + 39 = -30. Let o(n) = n**3 - 24*n**2 + 29*n + 19. Is o(u) composite?
False
Let n(o) = -90*o - 107. Is n(-34) a composite number?
False
Let i(q) = -102*q**2 + 4*q - 5. Let d be i(3). Let t = 1864 + d. Is t composite?
False
Let k(r) = 57*r + 14 + 0 + 14 - 10*r. Is k(9) a prime number?
False
Suppose -21 = -4*q + 3*q - 5*v, -2*v + 4 = -4*q. Let x be 1 + (4/q - 0). Suppose -5*w - 5*p = -0*w - 1155, 0 = p - x. Is w a prime number?
False
Is 298/12*-10*-3 a composite number?
True
Let o(l) = 10*l**3 - 15*l**2 + 7*l - 25. Let w be o(11). Is (-4)/6 + 0 - w/(-27) prime?
False
Suppose 3*v + 37 = -5*o, -4*v + 0*v - 28 = 4*o. Let p(q) = 5*q**2 + 7*q + 3. Is p(o) composite?
True
Suppose o + 2*r = -2*r + 22527, 22537 = o - r. Is o prime?
False
Let i(r) = -24*r**3 + r**2 + 2*r - 2. Let w(m) = -5*m**2 - 3*m - 1. Let y be w(-1). Is i(y) a prime number?
False
Let c = -803 - -1365. Let q = c + -339. Is q a prime number?
True
Is (0 + 7892)/((-588)/(-735)) a composite number?
True
Let j be (-12 + 2)*(-3)/6. Suppose 0 = -j*m - 4*o + 1643, -2*m = -2*o - 15 - 635. Suppose -2*y = y - m. Is y a prime number?
True
Suppose -196 = -4*n + 3*x - 71, 5*x - 101 = -4*n. Let o = n + -22. Suppose 0 = -o*g + 8*g - 653. Is g a prime number?
True
Let c = -52 - -37. Let i = 27 + c. Suppose 3*x - i = 273. Is x composite?
True
Suppose 3*h = 2*v - 29, 0*h = -v - 2*h + 32. Is 4/v + (-32991)/(-231) prime?
False
Let q be (3/4)/((-26)/(-624)). Suppose -8294 = -3*h - b, -1458 = -3*h + 3*b + 6828. Is h/36 + 4/q prime?
False
Let i be ((-137)/1)/(4/(-8)). Suppose -2*n = -5*n + j + 1648, 2*j = 4*n - 2194. Let w = n - i. Is w composite?
False
Let w(j) = -472*j - 10. Let b(i) = -236*i - 5. Let z(m) = 11*b(m) - 6*w(m). Is z(7) prime?
True
Let w(y) = -118*y - 179. Is w(-11) prime?
False
Let n(q) be the third derivative of 71*q**5/60 + q**4/24 - q**3/6 + 33*q**2. Is n(3) a composite number?
False
Let r be ((-1506)/(-30))/(-1*(-2)/10). Let h = r - -300. Is h prime?
False
Suppose -2*c - 783 = -l - c, -4*l = -5*c - 3128. Is l prime?
True
Suppose 4*c + 89287 = 15*c. Suppose -752 = -7*p + c. Is p prime?
False
Let o(y) = -6*y**2 - 2*y + 4. Let k(j) = 25*j**2 + 8*j - 16. Let w(g) = -4*k(g) - 18*o(g). Let f(h) = -1. Let s(q) = 3*f(q) + w(q). Is s(-8) composite?
True
Suppose u + 4*i + i = 423, -u + i = -399. Suppose -u = -2*b + 859. Is b prime?
True
Let t be -2 - -3 - (-2)/(-1). Let r = t - 3. Let i(v) = -42*v + 11. Is i(r) composite?
False
Suppose 157326 = 228*d - 222*d. Is d a composite number?
True
Let d be -4*3*(-4)/8. Let b(h) = 2*h - 9. Let l be b(d). Suppose -14 - 469 = -l*q. Is q a prime number?
False
Let y = -13 + 19. Let o be y*(-5)/(-15) + 516. Suppose 0 = -4*m + 2*b + o, 4*b - 57 = -3*m + 304. Is m a composite number?
False
Let a = 34 - 42. Is a/6*-3 - -327 a prime number?
True
Is 14/10 + 599980/50 + 10 composite?
False
Let p(v) = -201*v**3 - 2*v**2 - 2*v. Let a(q) = q**2 - 1. Let h(z) = 2*a(z) + p(z). Is h(-1) prime?
False
Let z(q) = -3 - 4*q**2 + 5 - 1 - 5*q**3 + q. Is z(-3) prime?
True
Let f(d) be the second derivative of 5*d**4/4 - 3*d**3/2 - 49*d**2/2 - 30*d. Is f(-14) a composite number?
True
Let a = -121 + 183. Let v = -38 + a. Suppose -105 - v = -b + 2*z, -4*b = 4*z - 468. Is b composite?
True
Suppose -2*a + a + 4*x = 16, 5*a + 2*x + 36 = 0. Is ((-8)/a)/((-2)/(-322)) a prime number?
False
Let i(r) = 657*r**2 + 55*r + 391. Is i(-8) a prime number?
True
Suppose -t = t. Suppose -2*v = -t - 6. Suppose v*f = 218 - 17. Is f prime?
True
Let q = -372 - -439. Is q composite?
False
Let u = 858 - -1115. Is u a prime number?
True
Let r = 2294 + 353. Is r a prime number?
True
Is (-106972)/(-6) + 160/(-96) a prime number?
True
Suppose -1775 = -3*b + 130. Is b prime?
False
Let o(q) = 2*q**3 - 3*q**2 - 9*q - 7. Suppose 7 = k + 2*k + 4*t, 4*k = 4*t + 28. Is o(k) a prime number?
False
Let w = -32 + 36. Suppose 0 = 3*m - w*m - 10. Is -2*(2 + 415/m) prime?
True
Let c(d) = d - 2. Let u be c(6). Is (-11)/(-1*4/u) a prime number?
True
Let t = -605 + 5710. Is t a prime number?
False
Suppose q + 5*c + 0*c = -32, -q = 3*c + 26. Let i = q + 22. Suppose -2555 = i*w - 10*w. Is w a composite number?
True
Let o(y) = y + 7*y + 2 - y**2 + 6*y - 8*y. Let u be o(6). Suppose -62 = u*l - 3*l. Is l a prime number?
False
Let m(l) = 2*l - 3. Let g be m(-2). Is -1 + 2 + g + 259 + 0 prime?
False
Suppose 5*p = 4*p + 21. Let x be (-70)/p*(-6)/(-4). Is (-261)/(-3) - (3 + x) a composite number?
False
Suppose -3*m = -2*b + 4, 1 + 0 = b - 2*m. Suppose s = -0 - b. Is (-3170)/(-25) - 1/s prime?
True
Suppose -444 = -9*r + 13*r. Let n = r - -266. Suppose 0 = -t + 3*u + n, -t = -0*t + 4*u - 127. Is t prime?
False
Suppose 12 + 6 = k. Suppose k = -3*o - 9. Is 2/o - (-6424)/72 a composite number?
False
Is (5755/(-5))/(-6 - -5) a prime number?
True
Let n be 32/(-24)*78/4. Let m = 53 - n. Is m a prime number?
True
Suppose -d + 29 = -2*p, -4*p = -d + 18 + 19. Suppose 0 = -5*z + 3*y - d, 1 - 4 = -z - 3*y. Is (-830)/(-15) + 1/z composite?
True
Let w be 130/4 + 3/6. Suppose j - 5*z = -3 + 8, -z = 3*j + w. Is (-21 - j)/((-1)/5) prime?
False
Let w = 0 - 0. Is (-9 - -766)*(w + 1) a prime number?
True
Let l = -18 + 21. Suppose l*t - 12 = -t, -2*t + 1484 = 2*f. Is f a prime number?
True
Let q = 14231 + -8322. Is q a prime number?
False
Suppose -2*u + 2*o = -0*u - 10, 3*u - 45 = -3*o. Let t be 0/2*u/30. Suppose t = 7*d - 1523 - 1242. Is d a composite number?
True
Let o(v) = 3*v**2 + v + 3. Let i = 20 + -15. Suppose i*y - 2*y = -6. Is o(y) a prime number?
True
Let i be ((-54)/63)/(1/(-56)). Suppose -l - l = 22. Let j = l + i. Is j a prime number?
True
Suppose 24*k - 32 = 28*k. Let x be 12219/12 + (-6)/k. Suppose x + 226 = 5*q. Is q a prime number?
False
Suppose -2*p - 3*y = 23, p + 5 - 21 = 4*y. Let r = -8 - p. Is 16/(-24)*402/r prime?
True
Let d(x) = 1269*x**2 + x. Let f be d(-1). Let q = -157 + f. Is q prime?
False
Let v be (-4 + 88/12)*36*12. Suppose -2*t = 116 - v. Is t composite?
True
Suppose 0 = -33*h + 26*h + 9373. Is h prime?
False
Let u be ((-120)/16)/((-2)/24). Suppose -116 - u = 2*l. Let g = l - -314. Is g a prime number?
True
Suppose -5*z + 12145 = 5*i, -2*z - i = -0*z - 4858. Is z a composite number?
True
Suppose 15 = -3*f - 12. Let h be (f/(-6))/(9/654). Let z = 158 - h. Is z composite?
True
Suppose 6*x + 4755 = x. Is -2 + 5 - (x + -1) a prime number?
False
Let x(k) = k**2 - 11*k. Let n = 8 + 3. Let l be x(n). Let b = l + 13. Is b a composite number?
False
Suppose 3*l = 25*x - 26*x + 9997, 0 = -3*x - 5*l + 29991. Is x a prime number?
False
Let q = 19176 + -3619. Is q a prime number?
False
Let w(k) = k**3 - 5. Let h be w(0). Is (-96)/h - 4/20 a prime number?
True
Suppose -5*h = -5*k + 25, -k = h - 1 - 4. Sup